 = -1111 - -1675. Suppose -7*y - 552 = -4*g - 3*y, 4*g = y + d. Suppose -7*p + g = -5*p. What is the remainder when p is divided by 24?
23
Suppose 2*g - 2 - 2 = 0. What is the remainder when 51 is divided by 4 + -5 + 28/g?
12
Let h(b) = 3*b. Let s(a) = -6*a + 1. Let n(y) = 7*h(y) + 4*s(y). Let u be n(-2). What is the remainder when (-1365)/(-25) + 4/u is divided by 28?
27
Let j(t) = t**2 + 12*t - 5. Let c be j(-8). Let f = c - -68. Let s(h) = h**3 + h**2 + 4*h - 3. Calculate the remainder when f is divided by s(2).
14
Suppose 0 = 4*i - 8*i + 28. Suppose -u - 96 = -i*u. Suppose -4*r + 3 = -17. What is the remainder when u is divided by r?
1
Let s = 196 - 171. Suppose -4*z - z - 5 = 0. What is the remainder when (1 - (z - 71)) + -1 is divided by s?
22
Let k be (3 + -5)*(-9)/6. Let y be (2/(0 + -1))/(-1). Suppose -y*g = -k*r - 36, -5*g + 6*r = 3*r - 90. What is the remainder when 33 is divided by g?
15
Let b(t) = 4*t**2 - 8*t + 10. Let a be b(-7). Suppose -7*w + 270 = -a. Calculate the remainder when w is divided by 17.
8
Suppose -42 = 4*q + 22. Let y be -2*(-2)/8*q. Let f = y + 15. What is the remainder when 17 is divided by f?
3
Suppose -160 = -2*p - 3*p. Suppose 6 = 3*q - 5*v, 4*v + 23 = 5*q - 0*q. Suppose -q*x = x - 96. What is the remainder when p is divided by x?
8
Let q(m) = 4*m - 3. What is the remainder when 149 is divided by q(14)?
43
Suppose -2802 = -6*a - 720. What is the remainder when a is divided by 12?
11
Let x(a) = 6*a**2 - a - 9. Calculate the remainder when x(4) is divided by 21.
20
Let m = 50 + -46. Calculate the remainder when (-10)/m*(-552)/20 is divided by 24.
21
Let u = -143 + 265. Calculate the remainder when u is divided by 35.
17
Calculate the remainder when 1*(-51)/(-2)*(9 - -5) is divided by 118.
3
Let d(z) = -z**2 + 24*z + 24. Let t be d(25). Let b(q) = -25*q**3 - 4*q**2 - q + 1. Calculate the remainder when b(t) is divided by 7.
2
Let o = 87 + 20. What is the remainder when o is divided by 57?
50
Let f = -149 + 166. Suppose -4*o + 3*q + 12 = -31, f = 2*o + 3*q. Calculate the remainder when o is divided by 2.
0
Suppose -9*d + 350 = -595. Let w = d - -6. Calculate the remainder when w is divided by 19.
16
Suppose -5 = 3*p + 10. Let a = p + 20. Let b(y) = -y + 20. Calculate the remainder when 23 is divided by b(a).
3
Let d be 1/(-3 + 214/72). Calculate the remainder when 75 is divided by (-4)/18 - 692/d.
18
Let d be (-9)/6 - (-26)/(-4). Let w(b) = 10*b + 3. Let h be w(-2). Let f = d - h. Calculate the remainder when 25 is divided by f.
7
What is the remainder when (-8 - 68/(-8))*518 is divided by 68?
55
Let o(x) = -13*x - 1. Let j be o(-4). Let g be (26/(-6))/((-17)/j). Suppose 5 - g = -2*y. Calculate the remainder when y is divided by 4.
0
Calculate the remainder when 120 is divided by (2/4)/((1/64)/1).
24
Suppose -41 = 2*d - 173. Let w(x) = 3*x + 8. Let c be (-50)/(-20)*(-5)/((-75)/18). Calculate the remainder when d is divided by w(c).
15
Suppose 3*q = -2*q + 110. Let i = q - 25. Calculate the remainder when 12 is divided by 7/21 + (-20)/i.
5
Let z(i) = 3*i - 39. Let n be z(14). Let a = 37 - n. Calculate the remainder when a is divided by 9.
7
Let p(g) = -g**2 + 136*g - 891. Calculate the remainder when (-1)/(2/62*-1) is divided by p(7).
7
Let h(w) = w**2 + 13*w + 3. Let b be h(-13). Suppose 18 = -z + b*z. What is the remainder when (4/12)/(2/84) is divided by z?
5
Suppose 2*a - 324 = 3*s + 92, 3*a - 594 = -3*s. What is the remainder when a is divided by 116?
86
Let k = 91 + -42. Calculate the remainder when k is divided by 19.
11
Suppose -27*t + 88 = -16*t. Suppose o + c + 1 = 0, o = -0*o + 3*c + 11. Calculate the remainder when 820/28 + o/(-7) is divided by t.
5
Suppose 223*l + 768 = 229*l. What is the remainder when l is divided by 48?
32
Let n = -6 - -14. Suppose -152 = -2*q - 2*q. Calculate the remainder when q is divided by (n/5)/(4/50).
18
Suppose -5*x = 4*x. Let i(d) = -d**3 - 2*d**2 + 2. Calculate the remainder when 3 is divided by i(x).
1
Suppose 0 = 5*a + 4*r + 215, -4*a - r - 128 = 55. Let c = -22 - a. Calculate the remainder when 73 is divided by c.
23
Suppose 935 = 10*p + 385. Calculate the remainder when 327 is divided by p.
52
Let x(l) = -l**2 - 23*l + 29. What is the remainder when x(-19) is divided by 9?
6
Suppose -3*d - 19 = 2. Let k(x) = -8*x - 39. Let z(n) = -6*n + 5. What is the remainder when z(-7) is divided by k(d)?
13
Suppose -4*m + 3837 = 37. Suppose -14*o + 24*o = m. Calculate the remainder when o is divided by 16.
15
Calculate the remainder when 105 is divided by (10/(-40))/(((-2)/296)/1).
31
Suppose 2*d + 47 = 4*u + 11, -4*u - 3*d + 26 = 0. Suppose 0 = n + u*n - 369. Calculate the remainder when n is divided by 7.
6
Suppose 0 = -3*x + 3*o + 63 - 9, 16 = 4*o. Suppose x = -g + 3*g - 5*p, p = 2. Calculate the remainder when 42 is divided by g.
10
Suppose 5*y - 291 = -m + 8*y, 614 = 2*m + 2*y. What is the remainder when m is divided by 10?
3
Suppose 59*f - 133 = 339. Calculate the remainder when 141 is divided by f.
5
Suppose -320 = 236*v - 244*v. Calculate the remainder when v is divided by 19.
2
Suppose -7*d = 61 - 180. What is the remainder when 150 is divided by d?
14
Let y(r) = 4*r + 360. Let g be y(0). Suppose -2*n - 6*n = -g. What is the remainder when 223 is divided by n?
43
Suppose -29*s = -27*s - 74. Calculate the remainder when 62 is divided by s.
25
Suppose -5*b = -3*a + 53, 4*b + 60 = 3*a + a. What is the remainder when a is divided by 8?
3
Let m = -24 + 28. Suppose m*j - 35 = -23. Calculate the remainder when 17 is divided by j.
2
Suppose 5*t + 5 = -3*m, -2*t + 36 = -6*t + 4*m. Let n be (-16)/4 - 24/t. Suppose n*w + 7 - 11 = 0. Calculate the remainder when 5 is divided by w.
1
Suppose -2*h = -2*v + v - 32, -h = 2*v - 21. What is the remainder when 1/(-2 - 265/(-130)) is divided by h?
9
Suppose -3*v - 51 = -2*i + i, -5*v + 83 = 3*i. Suppose 0 = q - 4, 0 = -z - 4*q + 43 + i. What is the remainder when z is divided by (2 - -2)*-4*-2?
31
Suppose -5*z - f - 4 + 622 = 0, 2*z - 231 = 5*f. Calculate the remainder when 3319 is divided by z.
121
Let s(t) = -5*t - 190. Let h = 29 + -16. What is the remainder when s(-43) is divided by h?
12
Let q = -14 + 15. Let m = 16 - q. What is the remainder when m is divided by 4?
3
Let g be (-60)/(-9)*6/(-5). Let h = g - -12. Let r(i) = -i**3 + 6*i**2 - 6*i + 2. What is the remainder when 17 is divided by r(h)?
7
Suppose 6*j - 146 = 88. What is the remainder when 51 is divided by j?
12
Suppose 0 = -4*f - 18*u + 16*u + 138, -4*f + 2*u = -134. Calculate the remainder when 305 is divided by f.
33
Let z = -7 + -22. Suppose 0 = -w + 5*x - 22, x + 3*x = -4*w - 160. Let g = z - w. Calculate the remainder when 31 is divided by g.
7
Suppose -x = -3*x + 8. Suppose -5*m + 50 = 3*b - 54, 2*m + x*b = 50. Calculate the remainder when 74 is divided by m.
17
Let u(w) = w**2 + w + 1. Let c be u(-1). Calculate the remainder when ((-1)/3)/(c/(-351)) is divided by 24.
21
Suppose 0 = -3*t + 4*t - 183. Calculate the remainder when t is divided by 37.
35
Let m(l) = -l**2 + l + 24. Let j be m(-5). Let w = j + 34. Calculate the remainder when 138 is divided by w.
26
Suppose 38 = 5*w - 27. Suppose -w*c = -9*c. What is the remainder when 31 is divided by c - (-3)/(3/11)?
9
Suppose 3*c = -8 + 2, 4*t - 18 = 3*c. Suppose d - 5 = -t. What is the remainder when d is divided by 2?
0
Suppose -3 = -4*f - 79. Let k be 6/24 - f/4. Suppose -k*w + 85 = 5. Calculate the remainder when 61 is divided by w.
13
Let v(o) = -o**3 + 16*o**2 + 24*o - 23. Let h(c) = 2*c**2 - 11*c + 11. Let f be h(6). Calculate the remainder when v(f) is divided by 25.
21
Suppose 16 = 4*b, 5*d = 2*b + 3*b. Calculate the remainder when d is divided by 85/25 - (-2)/(-5).
1
Let w(r) = 35*r - 2. Calculate the remainder when 3/(-6)*14*-7*2 is divided by w(1).
32
Suppose 3*h = -12, -h - 41 + 221 = f. Calculate the remainder when f is divided by 27.
22
Suppose 6 + 12 = 4*z - 2*j, 2*j + 12 = z. Calculate the remainder when 12 is divided by z.
0
Let t(w) = -2*w**3 - 43*w**2 - 24*w - 32. What is the remainder when 81 is divided by t(-21)?
19
Let b = -15 - -18. Suppose -5*m + 167 = -q + 63, b*m = -2*q + 52. What is the remainder when 37 is divided by m?
17
Let p = 119 + -176. Let z = 70 + p. Calculate the remainder when 